he hundreds digit of 2583?
5
What is the tens digit of 9884?
8
What is the thousands digit of 3482?
3
What is the hundreds digit of 6151?
1
What is the units digit of 31452?
2
What is the thousands digit of 4097?
4
What is the hundreds digit of 1074?
0
What is the tens digit of 1263?
6
What is the units digit of 749?
9
What is the tens digit of 885?
8
What is the units digit of 579?
9
What is the tens digit of 107?
0
What is the hundreds digit of 11713?
7
What is the units digit of 1?
1
What is the tens digit of 3333?
3
What is the tens digit of 12610?
1
What is the hundreds digit of 126?
1
What is the units digit of 858?
8
What is the tens digit of 763?
6
What is the units digit of 92?
2
What is the hundreds digit of 69903?
9
What is the tens digit of 6824?
2
What is the hundreds digit of 607?
6
What is the tens digit of 6870?
7
What is the tens digit of 15702?
0
What is the tens digit of 5879?
7
What is the hundreds digit of 55068?
0
What is the tens digit of 3668?
6
What is the hundreds digit of 5868?
8
What is the units digit of 852?
2
What is the hundreds digit of 14926?
9
What is the hundreds digit of 1627?
6
What is the tens digit of 107210?
1
What is the thousands digit of 4520?
4
What is the units digit of 274?
4
What is the tens digit of 2128?
2
What is the thousands digit of 2026?
2
What is the thousands digit of 2660?
2
What is the units digit of 1055?
5
What is the thousands digit of 1226?
1
What is the hundreds digit of 5321?
3
What is the units digit of 73?
3
What is the hundreds digit of 2250?
2
What is the tens digit of 527?
2
What is the units digit of 3891?
1
What is the thousands digit of 7577?
7
What is the hundreds digit of 137644?
6
What is the tens digit of 16373?
7
What is the units digit of 6027?
7
What is the units digit of 5369?
9
What is the thousands digit of 3972?
3
What is the tens digit of 4499?
9
What is the tens digit of 680?
8
What is the hundreds digit of 26396?
3
What is the hundreds digit of 26051?
0
What is the units digit of 16345?
5
What is the units digit of 32356?
6
What is the hundreds digit of 1259?
2
What is the thousands digit of 51263?
1
What is the hundreds digit of 340?
3
What is the tens digit of 1166?
6
What is the tens digit of 17696?
9
What is the thousands digit of 69599?
9
What is the hundreds digit of 1255?
2
What is the tens digit of 22698?
9
What is the hundreds digit of 163?
1
What is the hundreds digit of 538?
5
What is the units digit of 4949?
9
What is the thousands digit of 2585?
2
What is the tens digit of 10013?
1
What is the ten thousands digit of 26207?
2
What is the tens digit of 643?
4
What is the hundreds digit of 9600?
6
What is the units digit of 2914?
4
What is the hundreds digit of 12084?
0
What is the units digit of 18468?
8
What is the thousands digit of 8592?
8
What is the tens digit of 27982?
8
What is the hundreds digit of 56496?
4
What is the hundreds digit of 4637?
6
What is the tens digit of 245?
4
What is the hundreds digit of 2015?
0
What is the hundreds digit of 979?
9
What is the hundreds digit of 716?
7
What is the hundreds digit of 13769?
7
What is the tens digit of 64?
6
What is the hundreds digit of 6946?
9
What is the hundreds digit of 26387?
3
What is the hundreds digit of 8974?
9
What is the hundreds digit of 1980?
9
What is the tens digit of 1026?
2
What is the units digit of 131?
1
What is the units digit of 11899?
9
What is the tens digit of 5257?
5
What is the hundreds digit of 1240?
2
What is the tens digit of 8689?
8
What is the hundreds digit of 2589?
5
What is the thousands digit of 3275?
3
What is the tens digit of 46668?
6
What is the units digit of 7750?
0
What is the units digit of 1714?
4
What is the thousands digit of 95122?
5
What is the hundreds digit of 411?
4
What is the ten thousands digit of 52196?
5
What is the units digit of 137100?
0
What is the tens digit of 2836?
3
What is the hundreds digit of 9725?
7
What is the thousands digit of 11995?
1
What is the tens digit of 635?
3
What is the tens digit of 403?
0
What is the tens digit of 4075?
7
What is the hundreds digit of 2454?
4
What is the tens digit of 8318?
1
What is the units digit of 3530?
0
What is the ten thousands digit of 31957?
3
What is the hundreds digit of 2733?
7
What is the ten thousands digit of 11803?
1
What is the ten thousands digit of 112841?
1
What is the thousands digit of 72023?
2
What is the hundreds digit of 3039?
0
What is the tens digit of 1152?
5
What is the tens digit of 40984?
8
What is the tens digit of 39535?
3
What is the thousands digit of 8191?
8
What is the hundreds digit of 1764?
7
What is the hundreds digit of 17861?
8
What is the hundreds digit of 91957?
9
What is the units digit of 58417?
7
What is the units digit of 682?
2
What is the hundreds digit of 21570?
5
What is the ten thousands digit of 15042?
1
What is the thousands digit of 3468?
3
What is the ten thousands digit of 34673?
3
What is the ten thousands digit of 59585?
5
What is the tens digit of 872?
7
What is the units digit of 2559?
9
What is the tens digit of 140?
4
What is the units digit of 2792?
2
What is the hundreds digit of 283?
2
What is the units digit of 3446?
6
What is the hundreds digit of 10470?
4
What is the units digit of 8487?
7
What is the units digit of 107285?
5
What is the tens digit of 4043?
4
What is the hundreds digit of 4271?
2
What is the thousands digit of 6770?
6
What is the units digit of 34776?
6
What is the hundreds digit of 4593?
5
What is the hundreds digit of 5824?
8
What is the thousands digit of 2909?
2
What is the units digit of 1264?
4
What is the tens digit of 190?
9
What is the ten thousands digit of 36627?
3
What is the hundreds digit of 83317?
3
What is the units digit of 636?
6
What is the thousands digit of 105020?
5
What is the units digit of 912?
2
What is the tens digit of 4856?
5
What is the units digit of 1925?
5
What is the hundreds digit of 543?
5
What is the hundreds digit of 1476?
4
What is the hundreds digit of 1433?
4
What is the thousands digit of 1312?
1
What is the tens digit of 24233?
3
What is the hundred thousands digit of 104798?
1
What is the hundreds digit of 1674?
6
What is the tens digit of 31856?
5
What is the hundreds digit of 4322?
3
What is the thousands digit of 16257?
6
What is the tens digit of 133852?
5
What is the units digit of 368?
8
What is the hundreds digit of 2291?
2
What is the tens digit of 2067?
6
What is the ten thousands digit of 18507?
1
What is the units digit of 45153?
3
What is the units digit of 24261?
1
What is the tens digit of 75551?
5
What is the thousands digit of 44128?
4
What is the hundreds digit of 26502?
5
What is the units digit of 785?
5
What is the units digit of 27800?
0
What is the units digit of 392?
2
What is the tens digit of 20326?
2
What is the units digit of 55723?
3
What is the hundred thousands digit of 109720?
1
What is the hundreds digit of 48928?
9
What is the tens digit of 214?
1
What is the tens digit of 465?
6
What is the units digit of 6731?
1
What is the units digit of 768?
8
What is the hundreds digit of 1426?
4
What is the tens digit of 11235?
3
What is the units digit of 279?
9
What is the hundreds digit of 1140?
1
What is the tens digit of 225?
2
What is the tens digit of 1111?
1
What is the ten thousands digit of 19785?
1
What is the thousands digit of 3197?
3
What is the tens digit of 923?
2
What is the units digit of 1965?
5
What is the units digit of 482?
2
What is the units digit of 39674?
4
What is the tens digit of 6663?
6
What is the hundreds digit of 1158?
1
What is the units digit of 38480?
0
What is the tens digit of 534?
3
What is the units digit of 71867?
7
What is the thousands digit of 19891?
9
What is the units digit of 1383?
3
What is the hundreds digit of 4848?
8
What is the thousands digit of 39250?
9
What is the tens digit of 1700?
0
What is the units digit of 1090?
0
What is the thousands digit of 23473?
3
What is the units digit of 2282?
2
What is the units digit of 7188?
8
What is the tens digit of 4390?
9
What is the hundreds digit of 17934?
9
What is the tens digit of 189?
8
What is the thousands digit of 57288?
7
What is the ten thousands digit of 25347?
2
What is the tens digit of 11948?
4
What is the tens digit of 869?
6
